72.
69
Calculate the remainder when 153 is divided by 35.
13
Calculate the remainder when 172 is divided by 29.
27
Calculate the remainder when 3642 is divided by 262.
236
What is the remainder when 1422 is divided by 47?
12
What is the remainder when 276 is divided by 30?
6
Calculate the remainder when 407 is divided by 5.
2
Calculate the remainder when 272 is divided by 216.
56
What is the remainder when 173 is divided by 45?
38
Calculate the remainder when 3050 is divided by 9.
8
Calculate the remainder when 1438 is divided by 18.
16
What is the remainder when 47 is divided by 42?
5
Calculate the remainder when 461 is divided by 54.
29
Calculate the remainder when 2650 is divided by 52.
50
What is the remainder when 398 is divided by 30?
8
Calculate the remainder when 40 is divided by 29.
11
Calculate the remainder when 50 is divided by 26.
24
Calculate the remainder when 191 is divided by 16.
15
What is the remainder when 284 is divided by 22?
20
What is the remainder when 983 is divided by 973?
10
What is the remainder when 719 is divided by 15?
14
What is the remainder when 294 is divided by 12?
6
What is the remainder when 65 is divided by 27?
11
Calculate the remainder when 311 is divided by 32.
23
What is the remainder when 320 is divided by 107?
106
Calculate the remainder when 148 is divided by 51.
46
What is the remainder when 1149 is divided by 1145?
4
Calculate the remainder when 467 is divided by 9.
8
What is the remainder when 93 is divided by 12?
9
Calculate the remainder when 33 is divided by 6.
3
Calculate the remainder when 59 is divided by 10.
9
What is the remainder when 187 is divided by 42?
19
What is the remainder when 203 is divided by 35?
28
Calculate the remainder when 242 is divided by 49.
46
What is the remainder when 118 is divided by 22?
8
Calculate the remainder when 3558 is divided by 12.
6
Calculate the remainder when 393 is divided by 79.
77
What is the remainder when 11009 is divided by 7?
5
What is the remainder when 194 is divided by 18?
14
What is the remainder when 53 is divided by 23?
7
Calculate the remainder when 4326 is divided by 1438.
12
What is the remainder when 255 is divided by 87?
81
Calculate the remainder when 723 is divided by 56.
51
Calculate the remainder when 549 is divided by 114.
93
Calculate the remainder when 10276 is divided by 239.
238
What is the remainder when 471 is divided by 227?
17
Calculate the remainder when 476 is divided by 157.
5
Calculate the remainder when 8 is divided by 3.
2
Calculate the remainder when 2508 is divided by 1243.
22
What is the remainder when 616 is divided by 120?
16
What is the remainder when 92 is divided by 51?
41
What is the remainder when 237 is divided by 50?
37
What is the remainder when 465 is divided by 26?
23
What is the remainder when 55322 is divided by 81?
80
Calculate the remainder when 223 is divided by 53.
11
What is the remainder when 684 is divided by 69?
63
Calculate the remainder when 1912 is divided by 29.
27
Calculate the remainder when 38 is divided by 21.
17
Calculate the remainder when 160 is divided by 24.
16
Calculate the remainder when 159 is divided by 88.
71
What is the remainder when 132 is divided by 34?
30
What is the remainder when 237 is divided by 22?
17
Calculate the remainder when 2536 is divided by 2531.
5
What is the remainder when 65 is divided by 13?
0
What is the remainder when 922 is divided by 11?
9
What is the remainder when 16 is divided by 13?
3
Calculate the remainder when 301 is divided by 44.
37
Calculate the remainder when 174 is divided by 24.
6
What is the remainder when 2401 is divided by 43?
36
What is the remainder when 1707 is divided by 108?
87
Calculate the remainder when 4198 is divided by 2098.
2
What is the remainder when 283 is divided by 138?
7
What is the remainder when 3088 is divided by 385?
8
What is the remainder when 333 is divided by 90?
63
What is the remainder when 299 is divided by 245?
54
Calculate the remainder when 844 is divided by 41.
24
Calculate the remainder when 909 is divided by 183.
177
What is the remainder when 26 is divided by 22?
4
Calculate the remainder when 125 is divided by 58.
9
What is the remainder when 202 is divided by 47?
14
Calculate the remainder when 76 is divided by 75.
1
What is the remainder when 252 is divided by 73?
33
What is the remainder when 351 is divided by 117?
0
What is the remainder when 2374 is divided by 18?
16
Calculate the remainder when 1067 is divided by 81.
14
What is the remainder when 368 is divided by 31?
27
Calculate the remainder when 202 is divided by 4.
2
What is the remainder when 1006 is divided by 36?
34
Calculate the remainder when 110 is divided by 37.
36
What is the remainder when 1105 is divided by 28?
13
Calculate the remainder when 290 is divided by 93.
11
What is the remainder when 618 is divided by 69?
66
What is the remainder when 19834 is divided by 124?
118
Calculate the remainder when 86 is divided by 19.
10
Calculate the remainder when 12035 is divided by 223.
216
Calculate the remainder when 914 is divided by 29.
15
What is the remainder when 143 is divided by 36?
35
What is the remainder when 196 is divided by 164?
32
What is the remainder when 184 is divided by 178?
6
Calculate the remainder when 83213 is divided by 16.
13
What is the remainder when 2143 is divided by 37?
34
Calculate the remainder when 437 is divided by 72.
5
Calculate the remainder when 1531 is divided by 39.
10
Calculate the remainder when 718 is divided by 204.
106
What is the remainder when 2203 is divided by 49?
47
What is the remainder when 2848 is divided by 945?
13
Calculate the remainder when 911 is divided by 128.
15
Calculate the remainder when 6375 is divided by 77.
61
Calculate the remainder when 222 is divided by 66.
24
Calculate the remainder when 1645 is divided by 237.
223
What is the remainder when 908 is divided by 127?
19
Calculate the remainder when 386 is divided by 28.
22
What is the remainder when 669 is divided by 16?
13
What is the remainder when 561 is divided by 107?
26
What is the remainder when 216 is divided by 10?
6
Calculate the remainder when 1457 is divided by 19.
13
What is the remainder when 89 is divided by 10?
9
What is the remainder when 1792 is divided by 19?
6
What is the remainder when 180 is divided by 88?
4
What is the remainder when 1629 is divided by 809?
11
What is the remainder when 852 is divided by 176?
148
Calculate the remainder when 92 is divided by 55.
37
What is the remainder when 80 is divided by 21?
17
What is the remainder when 386 is divided by 23?
18
Calculate the remainder when 992 is divided by 19.
4
What is the remainder when 57 is divided by 15?
12
What is the remainder when 179 is divided by 26?
23
Calculate the remainder when 3255 is divided by 11.
10
What is the remainder when 1538 is divided by 13?
4
What is the remainder when 2672 is divided by 19?
12
What is the remainder when 870 is divided by 38?
34
Calculate the remainder when 2338 is divided by 123.
1
Calculate the remainder when 182 is divided by 16.
6
What is the remainder when 388 is divided by 27?
10
Calculate the remainder when 782 is divided by 44.
34
What is the remainder when 100 is divided by 30?
10
Calculate the remainder when 394 is divided by 36.
34
What is the remainder when 1143 is divided by 11?
10
Calculate the remainder when 127 is divided by 40.
7
Calculate the remainder when 54 is divided by 30.
24
Calculate the remainder when 11345 is divided by 88.
81
Calculate the remainder when 223 is divided by 99.
25
What is the remainder when 607 is divided by 333?
274
Calculate the remainder when 50 is divided by 25.
0
What is the remainder when 2695 is divided by 25?
20
What is the remainder when 619 is divided by 9?
7
Calculate the remainder when 300 is divided by 101.
98
Calculate the remainder when 1426 is divided by 53.
48
What is the remainder when 461 is divided by 58?
55
Calculate the remainder when 208 is divided by 83.
42
Calculate the remainder when 333 is divided by 56.
53
Calculate the remainder when 400 is divided by 128.
16
What is the remainder when 1347 is divided by 123?
117
Calculate the remainder when 215 is divided by 70.
5
What is the remainder when 255 is divided by 29?
23
C